8041867 a multiple of 336?
False
Is 75747276 a multiple of 18?
True
Does 19 divide 113391120?
False
Is 3 a factor of 39824837?
False
Does 6 divide 15228618?
True
Does 6 divide 31085670?
True
Is 1104 a factor of 2577720768?
True
Does 1500 divide 5796863756?
False
Does 201 divide 7482225?
True
Does 5 divide 851255?
True
Is 45193320 a multiple of 705?
True
Is 247605718 a multiple of 4?
False
Does 581 divide 164823890?
True
Is 34 a factor of 4262169?
False
Is 204 a factor of 8905620?
True
Is 412563712 a multiple of 478?
True
Is 2346 a factor of 31914135?
False
Does 4375 divide 160173125?
True
Is 8838 a factor of 1637149866?
False
Does 64 divide 288022400?
True
Is 6315373350 a multiple of 221?
True
Does 504 divide 729847983?
False
Is 26950132 a multiple of 38?
True
Is 2474835417 a multiple of 9441?
True
Does 80 divide 18100942?
False
Does 5 divide 6059205?
True
Is 197955289 a multiple of 41?
False
Is 14 a factor of 167974814?
True
Is 31 a factor of 66701056?
False
Is 8 a factor of 3222941876?
False
Does 9 divide 200214297?
True
Is 109451014 a multiple of 116?
False
Is 80794984 a multiple of 8?
True
Is 59409096 a multiple of 2?
True
Does 25 divide 72860068?
False
Is 1298639440 a multiple of 560?
True
Is 22320495 a multiple of 15?
True
Is 2173185490 a multiple of 35?
True
Is 2256 a factor of 14603297?
False
Is 1044853770 a multiple of 53?
False
Is 1361184560 a multiple of 5690?
True
Is 58474274 a multiple of 47?
False
Is 14173154 a multiple of 5?
False
Is 17079209 a multiple of 2?
False
Does 14 divide 212778813?
False
Is 15 a factor of 24452370?
True
Does 730 divide 822447200?
True
Does 1071 divide 2729248578?
True
Is 110 a factor of 340808270?
True
Does 1235 divide 65883545?
True
Is 523 a factor of 24674603?
False
Is 146 a factor of 1406839064?
True
Is 7 a factor of 49417802?
True
Is 891449880 a multiple of 40?
True
Is 2607404652 a multiple of 74?
True
Does 69 divide 58073160?
True
Is 200 a factor of 91185600?
True
Is 313112360 a multiple of 47?
False
Is 2441 a factor of 848883105?
False
Is 43 a factor of 1500546583?
False
Is 6405459200 a multiple of 11200?
True
Is 408416555 a multiple of 17?
False
Does 74 divide 134240179?
False
Is 1929 a factor of 776004593?
False
Is 1453036425 a multiple of 5631?
False
Does 58 divide 3850562?
True
Does 98 divide 82529916?
True
Does 205 divide 31129045?
True
Is 944 a factor of 214591024?
True
Is 3032 a factor of 426483798?
False
Is 16317964 a multiple of 52?
True
Is 15 a factor of 143227050?
True
Is 69306006 a multiple of 16?
False
Is 65016756 a multiple of 218?
True
Does 162 divide 74982348?
True
Is 23 a factor of 994927422?
True
Is 384845003 even?
False
Does 27 divide 6965595?
True
Is 17 a factor of 38956129?
True
Does 311 divide 16638811?
True
Does 3078 divide 90143109?
False
Is 24 a factor of 24815140?
False
Is 399 a factor of 2796605428?
False
Is 527 a factor of 56762722?
False
Is 66422697 a multiple of 679?
False
Does 99 divide 256806792?
True
Is 1331911 a multiple of 233?
False
Does 17 divide 53187145?
False
Is 75468184 a multiple of 1166?
True
Is 230737194 a multiple of 26?
False
Does 40 divide 27047434?
False
Is 40447510 a multiple of 21?
False
Is 72 a factor of 5611862664?
True
Does 51 divide 424649480?
False
Is 9 a factor of 459069219?
True
Is 323799681 a multiple of 2139?
True
Is 54778119 a multiple of 12?
False
Is 55 a factor of 1069040280?
True
Is 96513572 a multiple of 227?
False
Is 443351708 a multiple of 603?
False
Is 9318790 a multiple of 97?
True
Does 9 divide 77692123?
False
Is 50378604 a multiple of 1698?
False
Is 2 a factor of 10290309?
False
Is 1595950 a multiple of 2705?
True
Does 164 divide 24625952?
False
Is 31429008 a multiple of 978?
True
Does 260 divide 113093240?
True
Does 1392 divide 200133411?
False
Is 33 a factor of 18928074?
True
Does 67 divide 73350126?
True
Is 707525735 a multiple of 8365?
False
Is 913 a factor of 34186783?
False
Is 2842944 a multiple of 1632?
True
Does 9 divide 909669485?
False
Is 1290163123 a multiple of 2381?
False
Does 726 divide 37116960?
False
Is 436051712 a multiple of 165?
False
Is 481 a factor of 43414325?
False
Is 533585298 a multiple of 6?
True
Is 139958186 a multiple of 169?
False
Does 1171 divide 34911163?
False
Is 949 a factor of 32934824?
False
Is 2 a factor of 9646692?
True
Is 136528922 a multiple of 11?
False
Is 13439993 a multiple of 16?
False
Is 54 a factor of 42959443?
False
Does 3958 divide 708394924?
True
Does 1348 divide 87676025?
False
Is 11 a factor of 293033411?
True
Is 7547376 a multiple of 389?
False
Is 317 a factor of 7547004?
False
Is 5226 a factor of 227946689?
False
Is 803884560 a multiple of 2004?
True
Is 92753800 a multiple of 292?
True
Does 5 divide 93703785?
True
Is 85122128 a multiple of 1064?
True
Is 136318491 a multiple of 9?
True
Is 4 a factor of 26820117?
False
Is 12950733 a multiple of 29?
True
Is 519 a factor of 412556622?
False
Does 50 divide 64669923?
False
Is 65 a factor of 76749010?
True
Is 29025825 a multiple of 2953?
False
Does 247 divide 207925937?
False
Is 985 a factor of 45796230?
False
Is 7713597 a multiple of 17?
True
Is 1619 a factor of 1013100731?
False
Is 51 a factor of 338892719?
False
Is 134 a factor of 102696407?
False
Is 98026188 a multiple of 826?
False
Is 3457026 a multiple of 3?
True
Is 101 a factor of 205578531?
True
Is 1120673015 a multiple of 55?
True
Is 91449420 a multiple of 71?
True
Is 39 a factor of 36762933?
False
Does 7 divide 87356500?
True
Is 13 a factor of 58193174?
True
Is 47 a factor of 17704451?
False
Is 613819402 a multiple of 84?
False
Is 2772016896 a multiple of 1499?
False
Is 30 a factor of 27781260?
True
Is 954 a factor of 1077004816?
False
Is 281 a factor of 78063588?
False
Is 6560414 a multiple of 1039?
False
Is 291 a factor of 255467107?
False
Does 1710 divide 2175147853?
False
Is 30 a factor of 167479620?
True
Is 1844084220 a multiple of 5055?
True
Is 57 a factor of 9101019?
True
Does 247 divide 3393819767?
True
Is 34278774 a multiple of 35?
False
Does 470 divide 28670166?
False
Is 13752454 a multiple of 11?
False
Is 113173567 a multiple of 1309?
False
Is 7893308496 a multiple of 20?
False
Is 199 a factor of 141638847?
True
Is 131546780 a multiple of 326?
False
Is 6471700 a multiple of 20?
True
Does 44 divide 23349216?
True
Does 23 divide 1939818?
False
Is 70234344 a multiple of 36?
True
Does 3062 divide 131380395?
False
Is 91647072 a multiple of 144?
True
Does 613 divide 95564451?
False
Does 4944 divide 1667922186?
False
Does 1470 divide 91056323?
False
Is 74 a factor of 27228374?
True
Is 735963912 a multiple of 603?
True
Does 97 divide 227312225?
True
Is 69 a factor of 27198131?
False
Is 1737 a factor of 760998807?
True
Does 264 divide 5198454?
False
Is 190 a factor of 1732577703?
False
Is 9136589 a multiple of 17?
False
Is 241409482 a multiple of 2577?
False
Is 711 a factor of 20399365?
False
Is 1140 a factor of 72860467?
False
Does 2 divide 2553648?
True
Is 1131827478 a multiple of 270?
False
Is 177060312 a multiple of 117?
True
Is 202 a factor of 448317712?
False
Is 875135062 a multiple of 1588?
False
Does 891 divide 395942580?
True
Is 9324793 a multiple of 5?
False
Is 156949893 a multiple of 111?
True
Is 704750742 a multiple of 51?
True
Is 3517 a factor of 116669441?
True
Is 644 a factor of 325654207?
False
Does 1168 divide 52690816?
True
Is 37210470 a multiple of 2230?
False
Is 141405668 a multiple of 13?
False
Is 89878901 a multiple of 14?
False
Does 3 divide 51512523?
True
Is 6263 a factor of 811089177?
False
Does 20 divide 159592320?
True
Does 7 divide 25121411?
True
Does 7260 divide 4325474211?
False
Is 12734953 a multiple of 2?
False
Is 309893533 a multiple of 13?
False
Is 4 a factor of 45625651?
False
Is 59367875 a multiple of 19?
True
Is 64705900 a multiple of 1150?
True
Is 70 a factor of 7681641?
False
Is 600750499 a multiple of 80?
False
Is 461742684 a multiple of 39?
True
Does 181 divide 118759134?
False
Is 10210104 a multiple of 72?
True
Is 21 a factor of 619873524?
False
Is 115223994 a multiple of 93?
False
Is 16568155 a multiple of 41?
False
Is 44279129 a multiple of 10?
False
Is 10 a factor of 34606973?
False
Is 15800517 a multiple of 9?
True
Is 1847 a factor of 16322327?
False
Is 8669584 a multiple of 28?
True
Is 242617444 a multiple of 586?
False
D